igit of f(l)?
9
Suppose 10*f - 21 - 9 = 0. Suppose 0 = -f*v - 1 - 5. What is the tens digit of (5 + v)/((-3)/(-17))?
1
Let o(h) = -43*h**2 - 11 - 16*h - 4 + 41*h**2 - h**3. What is the hundreds digit of o(-7)?
3
Suppose 3*u = 18, -5*k - 5*u + 94723 = 10628. What is the ten thousands digit of k?
1
Suppose -4*q = -12, 4*q - 103 = y + q. Let r = y + 298. Suppose 2*v - 145 = -3*u + 168, 2*u = v + r. What is the units digit of u?
3
Let a = -52461 + 75882. What is the thousands digit of a?
3
Let y = 34047 - 16535. What is the units digit of y?
2
Let a(o) = o**3 + o**2 + o - 106. Let n be a(0). Let k = n + 123. Suppose -13*j - 864 = -k*j. What is the hundreds digit of j?
2
Suppose 4*r + 0*r - 256 = 0. Let p = -28 + r. Suppose 35*w - p*w = -63. What is the units digit of w?
3
Let a(i) = 3*i**3 - 38*i**2 + 12*i - 24. Suppose 0 = 8*j - 620 + 500. What is the thousands digit of a(j)?
1
Suppose 91*c = 85*c + 414. Let q = -29 + c. What is the tens digit of (-60)/q - (-62)/4?
1
What is the hundreds digit of (-2 - -257)*(-900)/(-500)?
4
Suppose 5*y + 2*r - 2228 = 1764, r = 1. Suppose -7*h - y = -9*h. What is the tens digit of h?
9
Let y(p) = p**3 + 14*p**2 + 12*p - 13. Let u be y(-13). Suppose a - 4 = f, 7*a - 2*a - 4*f - 21 = u. What is the units digit of (12/7)/((-8)/(-1540)*a)?
6
Suppose 0 = -6*a - 3343 + 439. What is the hundreds digit of (-13 - -10)/((-3)/(-2)) - a?
4
Suppose 21 = -g + 20, 0 = 4*l + 4*g - 1632. Suppose -l = 17*z - 1497. What is the units digit of z?
4
Suppose 33*x = 22*x - 13*x + 67080. What is the hundreds digit of x?
7
Let a(k) = k**3 - 6*k**2 - 9*k - 18. Let g be a(7). Let w(n) = -5*n + 52. What is the tens digit of w(g)?
1
Suppose -241*c - 307955 = -258*c. What is the units digit of c?
5
Let r(j) = j**3 + 16*j + 1343. Let y = -557 + 557. What is the hundreds digit of r(y)?
3
Suppose 5*j - o = 5, 5*o = -4*j + 21 - 46. Suppose 3*g + 3*x - 1100 - 1306 = j, 0 = 5*x - 25. What is the units digit of g?
7
Let t = -107 - -119. Suppose -531 = -13*s + t*s. What is the units digit of s?
1
Let o = 34048 - -4900. What is the hundreds digit of o?
9
Suppose 198*i = 182*i + 223472. What is the hundreds digit of i?
9
Let z be (-22)/55 - (-108)/20. Let n(l) = 14*l**2 + 2*l - 20. What is the tens digit of n(z)?
4
Suppose -3*j - 14*k + 67032 = -17*k, 0 = -j - 5*k + 22320. What is the tens digit of j?
4
Let j = 52810 - 36756. What is the units digit of j?
4
Let u(a) = a**3 - 5*a**2 + 4*a - 4. Let o be u(4). Let j(h) be the third derivative of h**5/15 + h**4/6 + h**3/6 - 15*h**2. What is the tens digit of j(o)?
4
Let x(q) be the second derivative of 2*q**4/3 + 2*q**3/3 - 71*q. What is the units digit of x(-1)?
4
Let i = -24 + 27. Suppose 0 = -5*f - n + 1052, 0 = -4*f + i*n + 468 + 366. Suppose f = 7*u + 3*u. What is the tens digit of u?
2
Let z = -10009 + 22260. What is the hundreds digit of z?
2
Let s = 29215 - 29401. Let y = -46 + -25. Let q = y - s. What is the hundreds digit of q?
1
Suppose 3*x - 162 = -r + 107, -2 = 2*r. Let z = x - 86. Suppose -4*j = -z*b - 316 - 612, 4*j - 924 = 3*b. What is the tens digit of j?
2
Suppose 5*n = 20, 4*j - 145*n = -152*n + 3096. What is the units digit of j?
7
Let u = -35 + 39. Suppose 4*n - p = 2*p + 1424, n = u*p + 356. Suppose 0 = 5*s + 4*w - 362, -w = -5*s - 3*w + n. What is the units digit of s?
0
Suppose -425*x + 81992 = 5*a - 421*x, -a + x = -16393. What is the units digit of a?
6
Suppose -3*r + 0*w = -w - 76, -4*r + 3*w = -98. Suppose 3*i = -4*u + 29 + 49, 0 = u + 4*i - r. Suppose -1 = -19*n + u*n. What is the units digit of n?
1
Let p = 100156 + -21814. What is the units digit of p?
2
Let f(i) be the second derivative of i**4/4 - 5*i**3/6 - 7*i**2/2 - 10*i - 1. What is the hundreds digit of f(17)?
7
Let w = 22 + -14. Let x(y) = -4*y**3 + 9*y**2 - 3*y + 4. Let a be x(2). Suppose a*j = 176 - w. What is the tens digit of j?
8
What is the tens digit of ((-24)/36)/((-10)/677985)?
9
Suppose 2*v = 3*v - 6. Let c be 0 + (-1180)/24 + (-52)/(-312). What is the tens digit of c/(22/v + -4)?
4
Let n(p) = 3*p**2 - p + 1. Let z be n(1). Let k(f) = -11*f + 17. Let m be k(z). Let w = m + 71. What is the tens digit of w?
5
What is the thousands digit of ((-65)/(-20) - 4)*-61056 - (14 + -8)?
5
Let j(y) = y**3 - 5*y**2 - 11*y + 1. Let n be j(8). Suppose -4*o = b - 2*o - n, o - 3 = 0. What is the tens digit of b?
9
Let p(l) = 1163*l**3 + 2*l**2 - 2*l + 1. Let j = 26 - 25. Let g be p(j). What is the tens digit of 1/4 - g/(-16)?
7
Let q = 1416 + -672. Let o = -470 + q. What is the hundreds digit of o?
2
Let q(n) = 6*n**2 - 119*n + 56. What is the hundreds digit of q(39)?
5
Suppose -4*s + 22 = 3*r, 2*s + 0*s - 6 = r. Suppose 4*i = -s*b + 2404, 4*i = 5*b - 725 + 3093. What is the tens digit of i?
9
Let a be (-2 - -5)/((-9)/(-51)). Let m = a + -12. Suppose -m*p + 262 = -118. What is the units digit of p?
6
Suppose 54 - 56 = k. Let h be (k - -4)*(-4 - -6). Suppose 3*b + 3*f - 59 = 112, h*f = 2*b - 114. What is the units digit of b?
7
What is the units digit of (-19707425)/2355*54/(-10)?
9
Let y = -53920 - -91676. What is the units digit of y?
6
Suppose 4*r - 61 = 5*m, 3*m = 6*r - 2*r - 51. Let y be (-18)/4 + r/18. What is the units digit of y - (0 + 14)*-11?
0
Let b = -211 - 582. Let x = b - -1337. What is the hundreds digit of x?
5
Let r(m) = -41*m + 84. Let c(b) = 43*b - 86. Let g(d) = 4*c(d) + 5*r(d). What is the units digit of g(-9)?
3
Suppose -a = 3, -29427 = -956*y + 953*y + 4*a. What is the thousands digit of y?
9
Let w = -66 - -65. What is the hundreds digit of (w + (-15)/1)*-35?
5
Let y(m) = -124*m + 869. What is the tens digit of y(-62)?
5
Suppose 81*s - 154254 = 81456. What is the units digit of s?
0
Let q(o) = -3*o + 19. Let y be q(8). Let b be (-6)/y*1/(3/20). Suppose -3*w = -2*v + 84, w + w + b = 0. What is the units digit of v?
6
Suppose 0 = -4*t + 5*i + 26, 0*i + 22 = 5*t - i. Suppose j + 1 = -4*s, 7*j - 19 = t*s + 2*j. What is the hundreds digit of 12 - 11 - (s + -102)?
1
Let h be (-3)/(-1) + (41 - 0). Let z = h + -48. Let v(d) = -d + 5. What is the units digit of v(z)?
9
Let g(y) = -127*y - 1116. Let w be g(-10). Let h = -175 - -444. Let o = h - w. What is the tens digit of o?
1
Let h = -46328 - -65950. What is the thousands digit of h?
9
Let h be (-100)/45 - (-2)/9. Suppose -4*x + 3*x + 3 = 0. What is the units digit of h/x - 2650/(-15)?
6
What is the tens digit of 8 - 2433*15/(-9)?
6
Let x be 0*(0 - (-3)/(36/(-4))). Suppose 2*f = -0*f - 5*u - 3909, x = 4*u + 12. What is the tens digit of f/(-9) + 3 + 35/(-15)?
1
Let f(l) = -14*l**3 + l**2 + 3*l - 4. Let w be f(1). Let z(h) = h**3 + 19*h**2 + 20*h - 6. What is the tens digit of z(w)?
9
Suppose 2 = -x - 10. Let q(n) = -n**3 - 12*n**2 + 3*n - 4. Let y be q(x). What is the units digit of y*1*(-6)/15?
6
Let i = -574 + 574. Suppose i = -5*b - 2*n + 6*n + 6620, -1335 = -b + 3*n. What is the hundreds digit of b?
3
Let j(z) = 3*z + 25 - 8*z**2 - 26 + 0*z + 3*z + z**3. What is the tens digit of j(10)?
5
Suppose 5*f = 4*c + 217, -4*c + 2*c = 4*f - 184. Suppose 5*q + 22 = -3*s - 0*q, -4*q + 30 = -s. Let k = s + f. What is the tens digit of k?
3
Suppose 0 = -1385*f + 1380*f + 193260. What is the units digit of f?
2
Let k(g) = -4*g + 2. Suppose -4*b + 12 = 0, -9 = -i - i - 3*b. Let a be k(i). Let d = a + 69. What is the units digit of d?
1
Suppose 4*a - 105933 = -o, -296*o + 298*o - 26471 = -a. What is the thousands digit of a?
6
Suppose 4*u - 2*i = -14, -3*u + 0*i + 2*i - 12 = 0. Let w(b) = -4*b - 2. Let l be w(u). Let g(v) = 5*v - 11. What is the units digit of g(l)?
9
Let k(w) = -19*w + 96. Let t be k(4). What is the hundreds digit of (12924/(-45))/((-8)/t)?
7
Suppose -2*u = 2*r + 8, 6*u - u + 20 = 5*r. Suppose s - 4 = -r*s. Suppose 298 = s*z - 2*z. What is the hundreds digit of z?
1
Let k(p) be the first derivative of -p**4/4 + 13*p**3/3 - 4*p**2 - 20*p - 3. Suppose 11*a = 9*a, 4*l = 5*a + 40. What is the units digit of k(l)?
0
Let a(v) = 9*v**3 - 7*v**2 + 23*v + 30. Let j(i) = 5*i**3 - 3*i**2 + 11*i + 15. Let o(h) = -6*a(h) + 11*j(h). What is the hundreds digit of o(-7)?
2
What is the hundreds digit of 2 - 6152/(-20)*-2*-15?
2
Suppose r = -5*d + 361, -2*r + 530 = -3*d - 218. What is the hundreds digit of r?
3
Let w(o) = 9*o + 13. Let b be w(-1). Let s = -9 + 18. Suppo